6) to base 9
-1714
What is -5a6 (base 14) in base 11?
-934
-184 (base 15) to base 14
-1ad
What is 1172 (base 8) in base 11?
527
What is 2728 (base 16) in base 6?
114224
Convert -110714 (base 9) to base 8.
-201216
Convert 2019 (base 10) to base 13.
bc4
-11202002 (base 3) to base 15
-1058
What is -306 (base 10) in base 15?
-156
What is -44671 (base 8) in base 9?
-27800
202122 (base 3) to base 7
1424
What is -10422 (base 5) in base 13?
-449
What is 5edb (base 16) in base 4?
11323123
10001101011 (base 2) to base 7
3204
540 (base 6) to base 14
108
Convert 30326 (base 7) to base 5.
213440
-110011100110000 (base 2) to base 11
-18935
2a8 (base 11) to base 5
2420
What is 31133 (base 4) in base 3?
1011222
What is 877 (base 9) in base 12?
4ba
-626 (base 9) to base 8
-776
What is 175 (base 12) in base 13?
14c
74773 (base 9) to base 11
34199
Convert -111011111 (base 2) to base 15.
-21e
3308 (base 11) to base 10
4364
What is 1123321 (base 4) in base 10?
5881
41141 (base 5) to base 13
12a6
What is 100 (base 12) in base 16?
90
Convert 3036 (base 7) to base 13.
633
What is 112110 (base 3) in base 16?
186
Convert 145 (base 14) to base 5.
2012
What is 122121 (base 3) in base 11?
3a2
Convert 5022 (base 8) to base 13.
1234
4b6 (base 12) to base 15
329
11010110010010 (base 2) to base 10
13714
What is c4 (base 16) in base 15?
d1
What is 379c (base 13) in base 12?
46a7
What is 1358 (base 10) in base 12?
952
What is -22bd (base 15) in base 14?
-2990
-1204 (base 7) to base 5
-3240
Convert -355c (base 13) to base 15.
-235d
Convert -7192 (base 12) to base 10.
-12350
Convert 153 (base 12) to base 16.
cf
Convert -11000001111111 (base 2) to base 15.
-3a2a
What is c6 (base 16) in base 13?
123
Convert -5 (base 16) to base 3.
-12
What is 8ecf (base 16) in base 7?
211405
What is d (base 15) in base 14?
d
What is 6102 (base 8) in base 9?
4266
What is -713d (base 16) in base 15?
-88c9
-2021102 (base 3) to base 6
-11402
Convert -30431 (base 7) to base 12.
-4365
Convert -330210 (base 5) to base 16.
-2c29
What is 510 (base 13) in base 2?
1101011010
Convert -323330 (base 4) to base 11.
-2978
What is 1049 (base 10) in base 13?
629
Convert -4703 (base 11) to base 7.
-24000
-286 (base 16) to base 12
-45a
-8421 (base 16) to base 4
-20100201
What is -420 (base 11) in base 2?
-111111010
23276 (base 8) to base 11
74a7
20d3 (base 16) to base 7
33333
-7120 (base 8) to base 6
-24544
Convert -1b3 (base 12) to base 10.
-279
-11725 (base 9) to base 12
-4688
What is -3302131 (base 4) in base 16?
-3c9d
What is 31321 (base 4) in base 16?
379
What is -11013 (base 4) in base 2?
-101000111
-10130 (base 4) to base 15
-13e
What is -80b4 (base 14) in base 15?
-6840
Convert a957 (base 14) to base 8.
71141
What is 1100110110110 (base 2) in base 13?
2cc4
Convert -2000012 (base 3) to base 16.
-5b7
-163 (base 8) to base 15
-7a
Convert 1a9c (base 13) to base 3.
12111202
Convert 3211 (base 4) to base 3.
22111
What is -2051 (base 7) in base 10?
-722
Convert -13bb (base 13) to base 5.
-42413
66ba (base 15) to base 3
1002212111
-6658 (base 14) to base 4
-10110312
80757 (base 9) to base 10
53107
Convert 589 (base 10) to base 9.
724
Convert 123513 (base 6) to base 3.
120101000
Convert -434121 (base 5) to base 3.
-202110021
344 (base 13) to base 2
1000110011
Convert -1473 (base 15) to base 4.
-1010133
Convert -35b (base 12) to base 8.
-767
-495 (base 10) to base 2
-111101111
Convert -1a2 (base 14) to base 2.
-101010010
-40020 (base 5) to base 2
-100111001110
396 (base 16) to base 9
1230
-25 (base 15) to base 12
-2b
What is -210 (base 4) in base 2?
-100100
What is -2004 (base 6) in base 13?
-277
-522 (base 7) to base 2
-100000101
What is 1000010000011 (base 2) in base 6?
31323
Convert 1100 (base 7) to base 4.
12020
5490 (base 11) to base 4
1301012
-163 (base 16) to base 7
-1015
Convert -6635 (base 9) to base 7.
-20156
What is 200311 (base 4) in base 16?
835
Convert -4c6 (base 15) to base 9.
-1436
5423 (base 6) to base 8
2327
311a (base 16) to base 10
12570
-12555 (base 6) to base 4
-132113
What is -10010100000 (base 2) in base 9?
-1555
What is 2566 (base 15) in base 5?
223341
What is -3322 (base 4) in base 6?
-1054
4cd (base 14) to base 7
2546
What is -4 (base 12) in base 5?
-4
-10101011111101 (base 2) to base 4
-2223331
862 (base 11) to base 10
1036
Convert -1458 (base 9) to base 10.
-1106
-12962 (base 10) to base 4
-3022202
Convert -25c3 (base 14) to base 13.
-3039
-1166 (base 7) to base 13
-27b
What is -884 (base 10) in base 15?
-3de
-1115 (base 12) to base 14
-98d
What is 15325 (base 11) in base 16?
54b6
Convert 3313331 (base 4) to base 11.
10a17
7121 (base 14) to base 7
110441
What is -4333 (base 11) in base 16?
-165b
Convert -b8e7 (base 16) to base 2.
-1011100011100111
Convert 10b6a (base 15) to base 13.
1b2a4
Convert 1455 (base 7) to base 13.
357
What is 712 (base 12) in base 6?
4422
What is 100111010000 (base 2) in base 8?
4720
What is -10101101001 (base 2) in base 6?
-10225
What is -100111101101 (base 2) in base 7?
-10260
214 (base 6) to base 4
1102
1486 (base 15) to base 8
10461
Convert 640 (base 8) to base 3.
120102
-100110000001 (base 2) to base 11
-1912
What is -27346 (base 11) in base 4?
-21201210
Convert -61 (base 12) to base 11.
-67
What is -4127 (base 8) in base 6?
-13515
7642 (base 8) to base 14
165c
Convert 22211 (base 3) to base 16.
ee
164 (base 13) to base 3
100022
Convert -2011001111 (base 3) to base 14.
-115d0
-6c8 (base 14) to base 10
-1352
Convert -b93b (base 13) to base 10.
-25738
What is -6878 (base 15) in base 10?
-22163
What is -410 (base 11) in base 14?
-275
-1c3c (base 16) to base 13
-33a0
Convert -3338 (base 10) to base 8.
-6412
44a3 (base 12) to base 5
220421
What is 4424 (base 6) in base 7?
2662
-10100111110 (base 2) to base 12
-93a
-1581 (base 10) to base 16
-62d
What is -666 (base 7) in base 4?
-11112
-141ad (base 16) to base 7
-462041
-10123223 (base 4) to base 7
-103634
What is -1798 (base 13) in base 7?
-13135
What is 101213231 (base 4) in base 6?
1314045
What is 487 (base 10) in base 2?
111100111
What is -11135 (base 8) in base 3?
-20110010
What is 3341 (base 6) in base 9?
1057
Convert 35125 (base 9) to base 16.
5b88
What is -3322 (base 16) in base 2?
-11001100100010
What is 15775 (base 9) in base 2?
10101001011001
1410 (base 12) to base 4
210030
-240444 (base 5) to base 12
-5176
3132442 (base 5) to base 11
36288
What is -204 (base 12) in base 16?
-124
-334314 (base 5) to base 8
-27072
What is -2584 (base 12) in base 7?
-15316
What is 1101011110 (base 2) in base 10?
862
Convert -4441 (base 8) to base 4.
-210201
What is 719 (base 10) in base 2?
1011001111
2254 (base 11) to base 6
21415
Convert -2424041 (base 5) to base 8.
-130721
What is -2a00 (base 13) in base 4?
-1133010
What is 2402 (base 6) in base 12?
402
What is -16171 (base 11) in base 3?
-1011022102
What is -466a (base 15) in base 4?
-3221212
Convert 5a35 (base 11) to base 12.
46a7
What is 10101100101 (base 2) in base 14?
709
-11011101101111 (base 2) to base 12
-8267
1086 (base 14) to base 10
2862
What is -41430 (base 5) in base 2?
-101010110100
-20462 (base 7) to base 3
-20220202
Convert -111001001100010 (base 2) to base 9.
-44145
-2036 (base 7) to base 12
-4b5
9e (base 16) to base 7
314
Convert -39 (base 13) to base 14.
-36
356 (base 14) to base 13
3c1
Convert 10101101110 (base 2) to base 10.
1390
What is 101001111 (base 2) in base 10?
335
Convert 11b (base 13) to base 6.
521
Convert 27275 (base 9) to base 14.
6a23
Convert 1344 (base 13) to base 7.
11022
What is 23a9 (base 16) in base 12?
5349
What is -67a (base 14) in base 12?
-8b0
111010111 (base 2) to base 15
216
Convert -2111 (base 6) to base 13.
-2a7
What is -204144 (base 6) in base 8?
-40140
What is -1432 (base 8) in base 3?
-1002102
Convert -111001112 (base 3) to base 12.
-5612
What is -79 (base 14) in base 2?
-1101011
What is 30340 (base 6) in base 9?
5456
7a (base 15) to base 9
137
11ccc (base 13) to base 3
1200012112
Convert 1050 (base 7) to base 5.
3003
What is -220001112 (base 3) in base 9?
-26045
-3528 (base 9) to base 2
-101000111010
Convert -12384 (base 9) to base 14.
-3078
Convert 1360 (base 7) to base 15.
257
Convert -d84 (base 14) to base 11.
-2002
Convert 110111001011110 (base 2) to base 8.
67136
What is a0d (base 14) in base 6?
13045
What is 2080